- 14. Let o = i - -9. What is the remainder when 10 is divided by o?
2
Suppose -7*o + 363 + 120 = 0. Calculate the remainder when o is divided by 18.
15
Let c(y) = -y**3 + 8*y**2 - 3*y + 5. Let r be c(8). Let p = r + 29. What is the remainder when 28 is divided by p?
8
Let p = 11 - 2. Let i = 14 + 8. Calculate the remainder when i is divided by p/9 + 1 + 10.
10
Suppose 7*u = 4*u + 114. Let p(m) = -15*m - 3. Let v be p(-2). Let j = -14 + v. What is the remainder when u is divided by j?
12
Let u be 11 + 1 + -3 + 2. Let x = 19 - u. Calculate the remainder when x is divided by 0 + 3 + (-4)/(-2).
3
Let j = 41 - 23. Calculate the remainder when 38 is divided by (3 - -1)/2 + j.
18
Let k(i) = i**2 - 8*i + 15. Calculate the remainder when 13 is divided by k(7).
5
Suppose -7*d - 29 = -92. Calculate the remainder when 24 is divided by d.
6
Suppose 4*h = -4*g + 32, 3*g + g = -5*h + 35. Suppose 0 = g*d + 8 + 7. Let u = d + 13. Calculate the remainder when u is divided by 6.
4
Let i(u) = 2*u**3 - 4*u**2 + 4*u - 2. What is the remainder when i(3) is divided by 10?
8
Let l(s) = 15*s**2 + 2*s + 2. Calculate the remainder when l(-2) is divided by 15.
13
Suppose -f - 3*f = 0. Suppose f*h - 44 = -2*h. What is the remainder when 43 is divided by h?
21
Let j(b) = b + 56. Let z be j(0). Let x = z + -81. Let m = 41 + x. Calculate the remainder when 46 is divided by m.
14
Calculate the remainder when 4 - 2 - 46/(-2) is divided by (3 + -2 + 0)*7.
4
Let n = -10 + 13. Suppose 3*y + 15 = 2*l, 21 = n*l + l - 3*y. Calculate the remainder when 5 is divided by l.
2
Let h(i) = 10*i. Let g be h(4). Suppose d + 4*d = g. What is the remainder when 14 is divided by d?
6
Let h(i) be the first derivative of -15*i**2/2 + 4*i + 1. Calculate the remainder when h(-3) is divided by 17.
15
Let n(g) = -3*g**2 - 8*g - 4. Let d(l) = -3*l**2 - 9*l - 5. Let a(c) = 4*d(c) - 5*n(c). What is the remainder when a(-5) is divided by 19?
17
Let o(a) = a**2 + 9*a + 4. Let z be o(-9). Suppose -v = -z*b + 8, 3*b - v = -2*b + 11. Let g = -1 + b. Calculate the remainder when 3 is divided by g.
1
Let a = -145 - -291. What is the remainder when a is divided by 37?
35
Suppose 3*m - 5*r - 36 = -3, -24 = -5*m - 2*r. Calculate the remainder when 8 is divided by m.
2
Let y = 122 - 51. Suppose -5*m = -o + 39, m + m = -6. What is the remainder when y is divided by o?
23
Let n = 4 - -28. What is the remainder when n is divided by 17?
15
Let n = -89 + 149. What is the remainder when n is divided by 21?
18
Suppose -12*v + 1725 = -399. Calculate the remainder when v is divided by 46.
39
Calculate the remainder when 87 is divided by 220/11*1/2.
7
Suppose -3*g = -6*g + 294. What is the remainder when g is divided by 10?
8
Let u = 4 - 3. What is the remainder when 46 is divided by (13/1 - -3)/u?
14
Suppose 3*h = -0*h + 81. Calculate the remainder when h is divided by 8.
3
Let w(o) be the second derivative of -1/20*o**5 - 1/2*o**3 + 3*o**2 + 5/12*o**4 + 2*o + 0. Calculate the remainder when 18 is divided by w(4).
8
Suppose 5*m + 74 = 4*p, 12*m + 54 = 4*p + 17*m. Let z(w) = -w**3 + 5*w**2 + 6*w + 1. Calculate the remainder when z(5) is divided by p.
15
Calculate the remainder when 110 is divided by 0/((1 + 1)/(-1)) + 16.
14
Let t(z) be the third derivative of -z**4/8 + z**3/3 + 2*z**2. Calculate the remainder when t(-10) is divided by 17.
15
Let d(r) = r + 7. Let f be d(8). Calculate the remainder when 5/(f/(-6)) - -4 is divided by 2.
0
Let b = -79 - -127. Let c be 2/(-4) - 14/(-4). Suppose -c*d + d = -b. What is the remainder when d is divided by 13?
11
Suppose 3*k - 4*h = -49, 2*h + 60 = -4*k + 6*h. What is the remainder when (-1880)/(-55) - (-2)/k is divided by 9?
7
Suppose 0 = -0*i + 2*i - 10. Suppose -82 = -4*b - 4*q + 10, -i*q = 10. What is the remainder when b is divided by 14?
11
Let z = 0 - 3. Let j(m) = m**3 + 2*m**2 - 3*m - 2. Let x be j(z). Let q(h) = 10*h**2 + 2*h. What is the remainder when q(x) is divided by 13?
10
Let w(j) = -j**3 + 7*j**2 - 7*j + 4. Calculate the remainder when 113 is divided by w(5).
18
Suppose 55 = 4*q - 125. Suppose 0 = -4*o + q + 31. Calculate the remainder when o is divided by 5.
4
Suppose 0 = 3*j + 10 - 43. Calculate the remainder when 21 is divided by j.
10
Suppose 0 = -r - 4*r + 80. Suppose -5*a - r = -76. Let w = 64 - a. Calculate the remainder when w is divided by 18.
16
Calculate the remainder when 27 is divided by (-9)/(189/6) + 116/14.
3
Let n be -4 + 24 + -2 + 2. Suppose i - r = 2*r + n, -3*r + 50 = 4*i. What is the remainder when i is divided by 6?
2
Suppose 0 = -z + 6*z - 770. Suppose -2*g = -f + 54, 3*f - z = -g - 13. Let v = f - 26. What is the remainder when 42 is divided by v?
20
Let t = -233 - -59. Let d = -103 - t. What is the remainder when d is divided by 24?
23
Calculate the remainder when 1 is divided by (3 + -2 - -3) + -3.
0
Let t be (-3)/(-3) - (-25 + 0). Let d = -18 + t. Calculate the remainder when ((-12)/d)/((-2)/44) is divided by 12.
9
Suppose -3*k + 90 + 24 = 0. Calculate the remainder when k is divided by 11.
5
Let b(o) = 4*o - 15. Calculate the remainder when b(8) is divided by 10.
7
Let u(h) = 12*h - 51. What is the remainder when 35 is divided by u(5)?
8
Let z be 1 + 1 - (-2 - -1). Suppose -5*r - z = -6*r. Suppose 2*x + r*p - 31 = 4, -3*x = -p - 47. Calculate the remainder when 30 is divided by x.
14
Let y(r) = r**3 + 6*r**2 + 3*r + 9. Let d be y(-6). What is the remainder when 34 is divided by (8/6)/((-1)/d)?
10
Suppose 0 = -4*o + 3*x + 44 + 8, -o + 12 = -x. Calculate the remainder when 47 is divided by o.
15
Suppose 3*y = g + 2 - 6, -5*g + 20 = y. Suppose -2*k + 10 = -y*k. Calculate the remainder when 8 - (-1 - 0)*1 is divided by k.
4
Suppose 6 = n + n. Calculate the remainder when 8 is divided by n.
2
Suppose -3*r = -0*v + 2*v - 19, 0 = r - 4*v - 25. What is the remainder when (1 + 6/(-14))*2548/56 is divided by r?
8
Let b = 4 - 1. Suppose 0 = 3*i + 2*i - 25, 145 = 5*o - b*i. Calculate the remainder when o is divided by 11.
10
Suppose -p = -6*p + 15. Let w = p - 0. Suppose w*y - 49 + 1 = 0. What is the remainder when 46 is divided by y?
14
Suppose -4*z + 9*z = -25. Let c(d) = d**2 + 3*d - 1. Calculate the remainder when c(z) is divided by 4.
1
Let a(r) = -r**3 - 6*r**2 + 3*r + 3. What is the remainder when a(-8) is divided by 36?
35
Suppose 2*m + 2*x - 26 = 6*x, -5*x + 13 = 4*m. What is the remainder when 3/(-24)*2 - 106/(-8) is divided by m?
6
Suppose x - 4*h = -1, -5*x - 5*h + 4*h + 79 = 0. Suppose 3*v + 2*q - 3*q - 152 = 0, -3*q = x. Let f = 91 - v. What is the remainder when f is divided by 22?
20
Let x = -1 - 65. Let t(q) = 11*q**2 + 2*q + 2. Let m be t(-1). Let c = m - x. What is the remainder when c is divided by 20?
17
Suppose 5*c - z = 4*z + 30, -2*c - 3*z = 8. Suppose 0 = x + c - 9. What is the remainder when x is divided by 4?
3
Calculate the remainder when (-5 - (-4 + 3)) + 46 is divided by 11.
9
Let j(p) = -3*p + 11. Let k(v) be the first derivative of v**4/4 + 2*v**3 + v**2 + v + 1. Calculate the remainder when j(-12) is divided by k(-5).
15
Suppose -2*m + 45 = m. Calculate the remainder when 208 is divided by m.
13
Suppose -3*f - 165 = -5*v - 2*f, -3*f = v - 17. Calculate the remainder when 62 is divided by v.
30
Let b be 1*-2 + 384/6. Suppose 2*a - 4*a - b = 0. Let z = -11 - a. Calculate the remainder when z is divided by 7.
6
Suppose -l = l - 8. What is the remainder when 11 is divided by -3*l/6*-2?
3
Let s(r) = r**3 - 11*r**2 + 19*r - 22. Calculate the remainder when s(10) is divided by 18.
14
Let o be (-14)/35 - (-196)/(-10). Let m = o - -33. What is the remainder when 50 is divided by m?
11
Let k(q) = q**2 + 5*q - 4. Let f be k(-5). Let x = f - -4. Suppose 4*s - 30 - 18 = x. Calculate the remainder when 34 is divided by s.
10
What is the remainder when 26 is divided by ((-2)/3)/((-10)/105)?
5
Let h(i) = -i**2 + i + 9. What is the remainder when 25 is divided by h(0)?
7
Let q(j) = j**2 - 6*j + 10. Calculate the remainder when q(11) is divided by 34.
31
Suppose 3*b = -0*b + 12. Suppose 0 = -5*t + 13 + 2. Suppose -2*l - 2 = 2*q - 18, -5*l = t*q - 18. What is the remainder when q is divided by b?
3
Suppose -4*g - 5*n = 1, -4*g - 2*n + 2 = -2*g. Calculate the remainder when 23 is divided by g.
5
Let p(b) = -b**2 + 12*b + 14. Suppo